{"id":150892,"date":"2025-02-20T17:28:26","date_gmt":"2025-02-20T16:28:26","guid":{"rendered":"https:\/\/rockers.de\/?post_type=product&#038;p=150892"},"modified":"2026-01-20T17:17:04","modified_gmt":"2026-01-20T16:17:04","slug":"klaus-abelmann-wie-der-punk-nach-hannover-kam-buch","status":"publish","type":"product","link":"https:\/\/rockers.de\/en\/record\/klaus-abelmann-wie-der-punk-nach-hannover-kam-buch\/","title":{"rendered":"Klaus Abelmann &#8211; Wie der Punk nach Hannover kam-Buch"},"content":{"rendered":"<p>In Hannover war Ende der 1970er Jahre so wenig los, dass man selbst etwas unternehmen musste, wenn man ein wenig Spa\u00df haben wollte. Als Punk explodierte, fiel er in der betulichen und spie\u00dfigen nieders\u00e4chsischen Landeshauptstadt somit auf fruchtbaren Boden. Gelangweilte Jugendliche und unzufriedene linke Studenten gr\u00fcndeten Bands, Fanzines und Labels &#8211; und stellten die Verh\u00e4ltnisse vor\u00fcbergehend auf den Kopf. Ihre zentrale Parole:Ohne Scorpions, Jane, Eloy in die 80er Jahre!Klaus Abelmann und Hollow Skai, Annette Benjamin (Hans-A-Plast), Peter Ahlers (Blitzkrieg) und Heinrich Dubel (Rosa), David Spoo (Klischee), Jens Gallmeyer (Der Moderne Man) und Annette Simons (B\u00e4rchen und die Milchbubis), Emilio Winschetti (Mythen in T\u00fcten), Angelique Upstart und Karl Nagel (Punkfoto) erz\u00e4hlen hier erstmals, wie der Punk nach Hannover kam &#8211; und warum es von 1977-1983 dort aufregen-der war als in Berlin, D\u00fcsseldorf oder Hamburg.<\/p>","protected":false},"excerpt":{"rendered":"<p>In Hannover war Ende der 1970er Jahre so wenig los, dass man selbst etwas unternehmen musste, wenn man ein wenig<\/p>","protected":false},"featured_media":150894,"template":"","meta":{"_acf_changed":false},"product_brand":[],"product_cat":[538],"product_tag":[],"class_list":{"0":"post-150892","1":"product","2":"type-product","3":"status-publish","4":"has-post-thumbnail","6":"product_cat-punk-deutschland","7":"pa_att_artist-detlef-max-und-hollow-skai","8":"pa_att_artist-klaus-abelmann","9":"pa_att_format-buch","10":"pa_att_genre-punk-deutschland","11":"pa_att_jahr-18232","12":"pa_att_land-deutschland","14":"first","15":"outofstock","16":"taxable","17":"shipping-taxable","18":"purchasable","19":"product-type-simple"},"acf":[],"yoast_head":"<!-- This site is optimized with the Yoast SEO plugin v27.3 - https:\/\/yoast.com\/product\/yoast-seo-wordpress\/ -->\n<title>Klaus Abelmann - Wie der Punk nach Hannover kam-Buch - Rockers Records<\/title>\n<meta name=\"robots\" content=\"index, follow, max-snippet:-1, max-image-preview:large, max-video-preview:-1\" \/>\n<link rel=\"canonical\" href=\"https:\/\/rockers.de\/en\/record\/klaus-abelmann-wie-der-punk-nach-hannover-kam-buch\/\" \/>\n<meta property=\"og:locale\" content=\"en_US\" \/>\n<meta property=\"og:type\" content=\"article\" \/>\n<meta property=\"og:title\" content=\"Klaus Abelmann - Wie der Punk nach Hannover kam-Buch - Rockers Records\" \/>\n<meta property=\"og:description\" content=\"In Hannover war Ende der 1970er Jahre so wenig los, dass man selbst etwas unternehmen musste, wenn man ein wenig\" \/>\n<meta property=\"og:url\" content=\"https:\/\/rockers.de\/en\/record\/klaus-abelmann-wie-der-punk-nach-hannover-kam-buch\/\" \/>\n<meta property=\"og:site_name\" content=\"Rockers Records\" \/>\n<meta property=\"article:modified_time\" content=\"2026-01-20T16:17:04+00:00\" \/>\n<meta property=\"og:image\" content=\"https:\/\/rockers.de\/wp-content\/uploads\/2025\/02\/Klaus-Abelmann-Wie-der-Punk-nach-Hannover-kam-Buch-1.jpg\" \/>\n\t<meta property=\"og:image:width\" content=\"1305\" \/>\n\t<meta property=\"og:image:height\" content=\"1449\" \/>\n\t<meta property=\"og:image:type\" content=\"image\/jpeg\" \/>\n<meta name=\"twitter:card\" content=\"summary_large_image\" \/>\n<meta name=\"twitter:label1\" content=\"Est. reading time\" \/>\n\t<meta name=\"twitter:data1\" content=\"1 minute\" \/>\n<script type=\"application\/ld+json\" class=\"yoast-schema-graph\">{\"@context\":\"https:\\\/\\\/schema.org\",\"@graph\":[{\"@type\":\"WebPage\",\"@id\":\"https:\\\/\\\/rockers.de\\\/record\\\/klaus-abelmann-wie-der-punk-nach-hannover-kam-buch\\\/\",\"url\":\"https:\\\/\\\/rockers.de\\\/record\\\/klaus-abelmann-wie-der-punk-nach-hannover-kam-buch\\\/\",\"name\":\"Klaus Abelmann - Wie der Punk nach Hannover kam-Buch - Rockers Records\",\"isPartOf\":{\"@id\":\"https:\\\/\\\/rockers.de\\\/#website\"},\"primaryImageOfPage\":{\"@id\":\"https:\\\/\\\/rockers.de\\\/record\\\/klaus-abelmann-wie-der-punk-nach-hannover-kam-buch\\\/#primaryimage\"},\"image\":{\"@id\":\"https:\\\/\\\/rockers.de\\\/record\\\/klaus-abelmann-wie-der-punk-nach-hannover-kam-buch\\\/#primaryimage\"},\"thumbnailUrl\":\"https:\\\/\\\/rockers.de\\\/wp-content\\\/uploads\\\/2025\\\/02\\\/Klaus-Abelmann-Wie-der-Punk-nach-Hannover-kam-Buch-1.jpg\",\"datePublished\":\"2025-02-20T16:28:26+00:00\",\"dateModified\":\"2026-01-20T16:17:04+00:00\",\"breadcrumb\":{\"@id\":\"https:\\\/\\\/rockers.de\\\/record\\\/klaus-abelmann-wie-der-punk-nach-hannover-kam-buch\\\/#breadcrumb\"},\"inLanguage\":\"en-US\",\"potentialAction\":[{\"@type\":\"ReadAction\",\"target\":[\"https:\\\/\\\/rockers.de\\\/record\\\/klaus-abelmann-wie-der-punk-nach-hannover-kam-buch\\\/\"]}]},{\"@type\":\"ImageObject\",\"inLanguage\":\"en-US\",\"@id\":\"https:\\\/\\\/rockers.de\\\/record\\\/klaus-abelmann-wie-der-punk-nach-hannover-kam-buch\\\/#primaryimage\",\"url\":\"https:\\\/\\\/rockers.de\\\/wp-content\\\/uploads\\\/2025\\\/02\\\/Klaus-Abelmann-Wie-der-Punk-nach-Hannover-kam-Buch-1.jpg\",\"contentUrl\":\"https:\\\/\\\/rockers.de\\\/wp-content\\\/uploads\\\/2025\\\/02\\\/Klaus-Abelmann-Wie-der-Punk-nach-Hannover-kam-Buch-1.jpg\",\"width\":1305,\"height\":1449,\"caption\":\"Klaus Abelmann - Wie der Punk nach Hannover kam-Buch\"},{\"@type\":\"BreadcrumbList\",\"@id\":\"https:\\\/\\\/rockers.de\\\/record\\\/klaus-abelmann-wie-der-punk-nach-hannover-kam-buch\\\/#breadcrumb\",\"itemListElement\":[{\"@type\":\"ListItem\",\"position\":1,\"name\":\"Startseite\",\"item\":\"https:\\\/\\\/rockers.de\\\/\"},{\"@type\":\"ListItem\",\"position\":2,\"name\":\"Shop\",\"item\":\"https:\\\/\\\/rockers.de\\\/shop\\\/\"},{\"@type\":\"ListItem\",\"position\":3,\"name\":\"Klaus Abelmann &#8211; Wie der Punk nach Hannover kam-Buch\"}]},{\"@type\":\"WebSite\",\"@id\":\"https:\\\/\\\/rockers.de\\\/#website\",\"url\":\"https:\\\/\\\/rockers.de\\\/\",\"name\":\"Rockers Records\",\"description\":\"Dein Schallplatten Store in Hannover\",\"publisher\":{\"@id\":\"https:\\\/\\\/rockers.de\\\/#organization\"},\"potentialAction\":[{\"@type\":\"SearchAction\",\"target\":{\"@type\":\"EntryPoint\",\"urlTemplate\":\"https:\\\/\\\/rockers.de\\\/?s={search_term_string}\"},\"query-input\":{\"@type\":\"PropertyValueSpecification\",\"valueRequired\":true,\"valueName\":\"search_term_string\"}}],\"inLanguage\":\"en-US\"},{\"@type\":\"Organization\",\"@id\":\"https:\\\/\\\/rockers.de\\\/#organization\",\"name\":\"Rockers Records\",\"url\":\"https:\\\/\\\/rockers.de\\\/\",\"logo\":{\"@type\":\"ImageObject\",\"inLanguage\":\"en-US\",\"@id\":\"https:\\\/\\\/rockers.de\\\/#\\\/schema\\\/logo\\\/image\\\/\",\"url\":\"https:\\\/\\\/rockers.de\\\/wp-content\\\/uploads\\\/2022\\\/07\\\/Neue-Website-2022.jpg\",\"contentUrl\":\"https:\\\/\\\/rockers.de\\\/wp-content\\\/uploads\\\/2022\\\/07\\\/Neue-Website-2022.jpg\",\"width\":800,\"height\":800,\"caption\":\"Rockers Records\"},\"image\":{\"@id\":\"https:\\\/\\\/rockers.de\\\/#\\\/schema\\\/logo\\\/image\\\/\"}}]}<\/script>\n<!-- \/ Yoast SEO plugin. -->","yoast_head_json":{"title":"Klaus Abelmann - Wie der Punk nach Hannover kam-Buch - Rockers Records","robots":{"index":"index","follow":"follow","max-snippet":"max-snippet:-1","max-image-preview":"max-image-preview:large","max-video-preview":"max-video-preview:-1"},"canonical":"https:\/\/rockers.de\/en\/record\/klaus-abelmann-wie-der-punk-nach-hannover-kam-buch\/","og_locale":"en_US","og_type":"article","og_title":"Klaus Abelmann - Wie der Punk nach Hannover kam-Buch - Rockers Records","og_description":"In Hannover war Ende der 1970er Jahre so wenig los, dass man selbst etwas unternehmen musste, wenn man ein wenig","og_url":"https:\/\/rockers.de\/en\/record\/klaus-abelmann-wie-der-punk-nach-hannover-kam-buch\/","og_site_name":"Rockers Records","article_modified_time":"2026-01-20T16:17:04+00:00","og_image":[{"width":1305,"height":1449,"url":"https:\/\/rockers.de\/wp-content\/uploads\/2025\/02\/Klaus-Abelmann-Wie-der-Punk-nach-Hannover-kam-Buch-1.jpg","type":"image\/jpeg"}],"twitter_card":"summary_large_image","twitter_misc":{"Est. reading time":"1 minute"},"schema":{"@context":"https:\/\/schema.org","@graph":[{"@type":"WebPage","@id":"https:\/\/rockers.de\/record\/klaus-abelmann-wie-der-punk-nach-hannover-kam-buch\/","url":"https:\/\/rockers.de\/record\/klaus-abelmann-wie-der-punk-nach-hannover-kam-buch\/","name":"Klaus Abelmann - Wie der Punk nach Hannover kam-Buch - Rockers Records","isPartOf":{"@id":"https:\/\/rockers.de\/#website"},"primaryImageOfPage":{"@id":"https:\/\/rockers.de\/record\/klaus-abelmann-wie-der-punk-nach-hannover-kam-buch\/#primaryimage"},"image":{"@id":"https:\/\/rockers.de\/record\/klaus-abelmann-wie-der-punk-nach-hannover-kam-buch\/#primaryimage"},"thumbnailUrl":"https:\/\/rockers.de\/wp-content\/uploads\/2025\/02\/Klaus-Abelmann-Wie-der-Punk-nach-Hannover-kam-Buch-1.jpg","datePublished":"2025-02-20T16:28:26+00:00","dateModified":"2026-01-20T16:17:04+00:00","breadcrumb":{"@id":"https:\/\/rockers.de\/record\/klaus-abelmann-wie-der-punk-nach-hannover-kam-buch\/#breadcrumb"},"inLanguage":"en-US","potentialAction":[{"@type":"ReadAction","target":["https:\/\/rockers.de\/record\/klaus-abelmann-wie-der-punk-nach-hannover-kam-buch\/"]}]},{"@type":"ImageObject","inLanguage":"en-US","@id":"https:\/\/rockers.de\/record\/klaus-abelmann-wie-der-punk-nach-hannover-kam-buch\/#primaryimage","url":"https:\/\/rockers.de\/wp-content\/uploads\/2025\/02\/Klaus-Abelmann-Wie-der-Punk-nach-Hannover-kam-Buch-1.jpg","contentUrl":"https:\/\/rockers.de\/wp-content\/uploads\/2025\/02\/Klaus-Abelmann-Wie-der-Punk-nach-Hannover-kam-Buch-1.jpg","width":1305,"height":1449,"caption":"Klaus Abelmann - Wie der Punk nach Hannover kam-Buch"},{"@type":"BreadcrumbList","@id":"https:\/\/rockers.de\/record\/klaus-abelmann-wie-der-punk-nach-hannover-kam-buch\/#breadcrumb","itemListElement":[{"@type":"ListItem","position":1,"name":"Startseite","item":"https:\/\/rockers.de\/"},{"@type":"ListItem","position":2,"name":"Shop","item":"https:\/\/rockers.de\/shop\/"},{"@type":"ListItem","position":3,"name":"Klaus Abelmann &#8211; Wie der Punk nach Hannover kam-Buch"}]},{"@type":"WebSite","@id":"https:\/\/rockers.de\/#website","url":"https:\/\/rockers.de\/","name":"Rockers Records","description":"Your record store in Hanover","publisher":{"@id":"https:\/\/rockers.de\/#organization"},"potentialAction":[{"@type":"SearchAction","target":{"@type":"EntryPoint","urlTemplate":"https:\/\/rockers.de\/?s={search_term_string}"},"query-input":{"@type":"PropertyValueSpecification","valueRequired":true,"valueName":"search_term_string"}}],"inLanguage":"en-US"},{"@type":"Organization","@id":"https:\/\/rockers.de\/#organization","name":"Rockers Records","url":"https:\/\/rockers.de\/","logo":{"@type":"ImageObject","inLanguage":"en-US","@id":"https:\/\/rockers.de\/#\/schema\/logo\/image\/","url":"https:\/\/rockers.de\/wp-content\/uploads\/2022\/07\/Neue-Website-2022.jpg","contentUrl":"https:\/\/rockers.de\/wp-content\/uploads\/2022\/07\/Neue-Website-2022.jpg","width":800,"height":800,"caption":"Rockers Records"},"image":{"@id":"https:\/\/rockers.de\/#\/schema\/logo\/image\/"}}]}},"_links":{"self":[{"href":"https:\/\/rockers.de\/en\/wp-json\/wp\/v2\/product\/150892","targetHints":{"allow":["GET"]}}],"collection":[{"href":"https:\/\/rockers.de\/en\/wp-json\/wp\/v2\/product"}],"about":[{"href":"https:\/\/rockers.de\/en\/wp-json\/wp\/v2\/types\/product"}],"wp:featuredmedia":[{"embeddable":true,"href":"https:\/\/rockers.de\/en\/wp-json\/wp\/v2\/media\/150894"}],"wp:attachment":[{"href":"https:\/\/rockers.de\/en\/wp-json\/wp\/v2\/media?parent=150892"}],"wp:term":[{"taxonomy":"product_brand","embeddable":true,"href":"https:\/\/rockers.de\/en\/wp-json\/wp\/v2\/product_brand?post=150892"},{"taxonomy":"product_cat","embeddable":true,"href":"https:\/\/rockers.de\/en\/wp-json\/wp\/v2\/product_cat?post=150892"},{"taxonomy":"product_tag","embeddable":true,"href":"https:\/\/rockers.de\/en\/wp-json\/wp\/v2\/product_tag?post=150892"}],"curies":[{"name":"wp","href":"https:\/\/api.w.org\/{rel}","templated":true}]}}

<p>In Hannover war Ende der 1970er Jahre so wenig los, dass man selbst etwas unternehmen musste, wenn man ein wenig Spaß haben wollte. Als Punk explodierte, fiel er in der betulichen und spießigen niedersächsischen Landeshauptstadt somit auf fruchtbaren Boden. Gelangweilte Jugendliche und unzufriedene linke Studenten gründeten Bands, Fanzines und Labels &#8211; und stellten die Verhältnisse vorübergehend auf den Kopf. Ihre zentrale Parole:Ohne Scorpions, Jane, Eloy in die 80er Jahre!Klaus Abelmann und Hollow Skai, Annette Benjamin (Hans-A-Plast), Peter Ahlers (Blitzkrieg) und Heinrich Dubel (Rosa), David Spoo (Klischee), Jens Gallmeyer (Der Moderne Man) und Annette Simons (Bärchen und die Milchbubis), Emilio Winschetti (Mythen in Tüten), Angelique Upstart und Karl Nagel (Punkfoto) erzählen hier erstmals, wie der Punk nach Hannover kam &#8211; und warum es von 1977-1983 dort aufregen-der war als in Berlin, Düsseldorf oder Hamburg.</p>
